{"id":1197,"date":"2024-12-26T11:27:25","date_gmt":"2024-12-26T11:27:25","guid":{"rendered":"https:\/\/aftt.be\/?page_id=1197"},"modified":"2025-01-23T11:52:35","modified_gmt":"2025-01-23T11:52:35","slug":"handisport","status":"publish","type":"page","link":"https:\/\/aftt.be\/index.php\/handisport\/","title":{"rendered":"Handisport"},"content":{"rendered":"\t\t<div data-elementor-type=\"wp-page\" data-elementor-id=\"1197\" class=\"elementor elementor-1197\" data-elementor-post-type=\"page\">\n\t\t\t\t<div class=\"elementor-element elementor-element-4cedd5f e-grid e-con-boxed e-con e-parent\" data-id=\"4cedd5f\" data-element_type=\"container\">\n\t\t\t\t\t<div class=\"e-con-inner\">\n\t\t<div class=\"elementor-element elementor-element-e532190 e-con-full e-flex e-con e-child\" data-id=\"e532190\" data-element_type=\"container\">\n\t\t\t\t<div class=\"elementor-element elementor-element-01bd869 elementor-widget elementor-widget-heading\" data-id=\"01bd869\" data-element_type=\"widget\" data-widget_type=\"heading.default\">\n\t\t\t\t<div class=\"elementor-widget-container\">\n\t\t\t\t\t<h3 class=\"elementor-heading-title elementor-size-default\">Le mot de la LHF<\/h3>\t\t\t\t<\/div>\n\t\t\t\t<\/div>\n\t\t\t\t<div class=\"elementor-element elementor-element-4294217 elementor-widget elementor-widget-text-editor\" data-id=\"4294217\" data-element_type=\"widget\" data-widget_type=\"text-editor.default\">\n\t\t\t\t<div class=\"elementor-widget-container\">\n\t\t\t\t\t\t\t\t\t<p>Toute personne d\u00e9ficience motrice, intellectuelle ou sensorielle peut (re)commencer le sport et gr\u00e2ce \u00e0 celui-ci, prendre un nouveau d\u00e9part vers une vie active!<\/p><p>V\u00e9ritable renforcement pour la r\u00e9\u00e9ducation, le sport augmente le bien-\u00eatre physique, mental et social. En confrontant la personne d\u00e9ficiente \u00e0 des situations inhabituelles, il am\u00e9liore son autonomie et sa sant\u00e9, lui permet de retrouver une estime de soi et de prendre une revanche sur la vie. En d\u00e9veloppant un maximum de disciplines sportives au sein des ses clubs, la LHF veut encourager les personnes d\u00e9ficientes motrices, intellectuelles ou sensorielles \u00e0 pratiquer une activit\u00e9 physique, pour le plaisir d\u2019abord et pourquoi pas ensuite, si elles y prennent go\u00fbt, pour les performances.<\/p><p>La LHF met \u00e9galement plusieurs outils \u00e0 disposition des futurs sportifs pour les aider \u00e0 trouver le club et la discipline sportive qui leur convient le mieux.<\/p>\t\t\t\t\t\t\t\t<\/div>\n\t\t\t\t<\/div>\n\t\t\t\t<div class=\"elementor-element elementor-element-f191cd9 elementor-align-center elementor-widget elementor-widget-button\" data-id=\"f191cd9\" data-element_type=\"widget\" data-widget_type=\"button.default\">\n\t\t\t\t<div class=\"elementor-widget-container\">\n\t\t\t\t\t\t\t\t\t<div class=\"elementor-button-wrapper\">\n\t\t\t\t\t<a class=\"elementor-button elementor-button-link elementor-size-sm elementor-animation-buzz\" href=\"https:\/\/www.handisport.be\/\" target=\"_blank\">\n\t\t\t\t\t\t<span class=\"elementor-button-content-wrapper\">\n\t\t\t\t\t\t\t\t\t<span class=\"elementor-button-text\">Aller sur le site de la LHF<\/span>\n\t\t\t\t\t<\/span>\n\t\t\t\t\t<\/a>\n\t\t\t\t<\/div>\n\t\t\t\t\t\t\t\t<\/div>\n\t\t\t\t<\/div>\n\t\t\t\t<div class=\"elementor-element elementor-element-3abf348 elementor-widget elementor-widget-video\" data-id=\"3abf348\" data-element_type=\"widget\" data-settings=\"{&quot;youtube_url&quot;:&quot;https:\\\/\\\/youtu.be\\\/xuPpOhG4D24&quot;,&quot;video_type&quot;:&quot;youtube&quot;,&quot;controls&quot;:&quot;yes&quot;}\" data-widget_type=\"video.default\">\n\t\t\t\t<div class=\"elementor-widget-container\">\n\t\t\t\t\t\t\t<div class=\"elementor-wrapper elementor-open-inline\">\n\t\t\t<div class=\"elementor-video\"><\/div>\t\t<\/div>\n\t\t\t\t\t\t<\/div>\n\t\t\t\t<\/div>\n\t\t\t\t<div class=\"elementor-element elementor-element-d7bf496 elementor-widget elementor-widget-heading\" data-id=\"d7bf496\" data-element_type=\"widget\" data-widget_type=\"heading.default\">\n\t\t\t\t<div class=\"elementor-widget-container\">\n\t\t\t\t\t<h3 class=\"elementor-heading-title elementor-size-default\">\nLes clubs handisport\n<\/h3>\t\t\t\t<\/div>\n\t\t\t\t<\/div>\n\t\t\t\t<div class=\"elementor-element elementor-element-fdddddc elementor-widget elementor-widget-text-editor\" data-id=\"fdddddc\" data-element_type=\"widget\" data-widget_type=\"text-editor.default\">\n\t\t\t\t<div class=\"elementor-widget-container\">\n\t\t\t\t\t\t\t\t\t<p>Le bouton ci-dessous vous permet de retrouver l\u2019ensemble des clubs qui sont affili\u00e9s \u00e0 la Ligue Handisport Francophone.<\/p><p>Si vous souhaitez que votre club figure dans cette liste, vous pouvez cliquer sur le bouton \u201cAffilier mon club \u00e0 la LHF\u201d. Pour toutes questions suppl\u00e9mentaires, vous pouvez vous adresser au bureau de l\u2019AFTT<\/p>\t\t\t\t\t\t\t\t<\/div>\n\t\t\t\t<\/div>\n\t\t\t\t<div class=\"elementor-element elementor-element-5af74c0 elementor-align-center elementor-widget elementor-widget-button\" data-id=\"5af74c0\" data-element_type=\"widget\" data-widget_type=\"button.default\">\n\t\t\t\t<div class=\"elementor-widget-container\">\n\t\t\t\t\t\t\t\t\t<div class=\"elementor-button-wrapper\">\n\t\t\t\t\t<a class=\"elementor-button elementor-button-link elementor-size-sm elementor-animation-buzz\" href=\"https:\/\/extranet.handisport.be\/\" target=\"_blank\">\n\t\t\t\t\t\t<span class=\"elementor-button-content-wrapper\">\n\t\t\t\t\t\t\t\t\t<span class=\"elementor-button-text\">trouver un club<\/span>\n\t\t\t\t\t<\/span>\n\t\t\t\t\t<\/a>\n\t\t\t\t<\/div>\n\t\t\t\t\t\t\t\t<\/div>\n\t\t\t\t<\/div>\n\t\t\t\t<div class=\"elementor-element elementor-element-5002baf elementor-align-center elementor-widget elementor-widget-button\" data-id=\"5002baf\" data-element_type=\"widget\" data-widget_type=\"button.default\">\n\t\t\t\t<div class=\"elementor-widget-container\">\n\t\t\t\t\t\t\t\t\t<div class=\"elementor-button-wrapper\">\n\t\t\t\t\t<a class=\"elementor-button elementor-button-link elementor-size-sm elementor-animation-buzz\" href=\"https:\/\/www.handisport.be\/s-affilier-a-la-lhf\/\" target=\"_blank\">\n\t\t\t\t\t\t<span class=\"elementor-button-content-wrapper\">\n\t\t\t\t\t\t\t\t\t<span class=\"elementor-button-text\">Affilier mon club \u00e0 la LHF<\/span>\n\t\t\t\t\t<\/span>\n\t\t\t\t\t<\/a>\n\t\t\t\t<\/div>\n\t\t\t\t\t\t\t\t<\/div>\n\t\t\t\t<\/div>\n\t\t\t\t<div class=\"elementor-element elementor-element-64594c9 elementor-widget elementor-widget-heading\" data-id=\"64594c9\" data-element_type=\"widget\" data-widget_type=\"heading.default\">\n\t\t\t\t<div class=\"elementor-widget-container\">\n\t\t\t\t\t<h3 class=\"elementor-heading-title elementor-size-default\">Les diff\u00e9rentes classes<\/h3>\t\t\t\t<\/div>\n\t\t\t\t<\/div>\n\t\t\t\t<div class=\"elementor-element elementor-element-15d2663 elementor-widget elementor-widget-text-editor\" data-id=\"15d2663\" data-element_type=\"widget\" data-widget_type=\"text-editor.default\">\n\t\t\t\t<div class=\"elementor-widget-container\">\n\t\t\t\t\t\t\t\t\t<p><span style=\"text-decoration: underline;\"><strong>D\u00e9ficience physique<\/strong><\/span><\/p><p><strong>De 1 \u00e0 5: joueurs assis<\/strong><\/p><ul><li>1: atteinte majeure des jambes et s\u00e9v\u00e8re des bras et du tronc<\/li><li>2: atteinte majeure des jambes et du tronc et handicap l\u00e9ger des bras<\/li><li>3: atteinte majeure des jambes et du tronc et atteinte l\u00e9g\u00e8re des bras<\/li><li>4: atteinte s\u00e9v\u00e8re du tronc et majeure des jambes<\/li><li>5: atteinte majeure des jambes<\/li><\/ul><p><strong>De 6 \u00e0 10: joueurs debout<\/strong><\/p><ul><li>6: atteinte s\u00e9v\u00e8re de 4 ou 3 membres, h\u00e9mipl\u00e9gie, atteinte majeure ou amputation des jambes<\/li><li>7: atteinte l\u00e9g\u00e8re ou s\u00e9v\u00e8re de 3 membres, h\u00e9mipl\u00e9gie, atteinte s\u00e9v\u00e8re ou amputation d\u2019une jambe<\/li><li>8: atteinte l\u00e9g\u00e8re de deux membres ou petite taille<\/li><li>9: atteinte l\u00e9g\u00e8re, s\u00e9v\u00e8re ou amputation d\u2019un membre<\/li><li>10: atteinte l\u00e9g\u00e8re d\u2019un pied ou d\u2019une main, atteinte majeure ou amputation d\u2019un avant bras<\/li><\/ul><p><span style=\"text-decoration: underline;\"><strong>D\u00e9ficience intellectuelle<\/strong><\/span><\/p><ul><li>11: QI &lt; 75<\/li><\/ul>\t\t\t\t\t\t\t\t<\/div>\n\t\t\t\t<\/div>\n\t\t\t\t<div class=\"elementor-element elementor-element-81cf146 elementor-widget elementor-widget-heading\" data-id=\"81cf146\" data-element_type=\"widget\" data-widget_type=\"heading.default\">\n\t\t\t\t<div class=\"elementor-widget-container\">\n\t\t\t\t\t<h3 class=\"elementor-heading-title elementor-size-default\">Les liens utiles<\/h3>\t\t\t\t<\/div>\n\t\t\t\t<\/div>\n\t\t\t\t<div class=\"elementor-element elementor-element-ee0b426 elementor-align-center elementor-widget elementor-widget-button\" data-id=\"ee0b426\" data-element_type=\"widget\" data-widget_type=\"button.default\">\n\t\t\t\t<div class=\"elementor-widget-container\">\n\t\t\t\t\t\t\t\t\t<div class=\"elementor-button-wrapper\">\n\t\t\t\t\t<a class=\"elementor-button elementor-button-link elementor-size-sm elementor-animation-buzz\" href=\"https:\/\/www.handisport.be\/sport\/tennis-de-table\/\" target=\"_blank\">\n\t\t\t\t\t\t<span class=\"elementor-button-content-wrapper\">\n\t\t\t\t\t\t\t\t\t<span class=\"elementor-button-text\">Liens utiles disponibles sur le site de la LHF<\/span>\n\t\t\t\t\t<\/span>\n\t\t\t\t\t<\/a>\n\t\t\t\t<\/div>\n\t\t\t\t\t\t\t\t<\/div>\n\t\t\t\t<\/div>\n\t\t\t\t<\/div>\n\t\t\t\t\t<\/div>\n\t\t\t\t<\/div>\n\t\t\t\t<\/div>\n\t\t","protected":false},"excerpt":{"rendered":"<p>Le mot de la LHF Toute personne d\u00e9ficience motrice, intellectuelle ou sensorielle peut (re)commencer le sport et gr\u00e2ce \u00e0 celui-ci, prendre un nouveau d\u00e9part vers une vie active! V\u00e9ritable renforcement pour la r\u00e9\u00e9ducation, le sport augmente le bien-\u00eatre physique, mental et social. En confrontant la personne d\u00e9ficiente \u00e0 des situations inhabituelles, il am\u00e9liore son autonomie &#8230; <a title=\"Handisport\" class=\"read-more\" href=\"https:\/\/aftt.be\/index.php\/handisport\/\" aria-label=\"En savoir plus sur Handisport\">Lire la suite<\/a><\/p>\n","protected":false},"author":1,"featured_media":0,"parent":0,"menu_order":0,"comment_status":"closed","ping_status":"closed","template":"","meta":{"footnotes":""},"class_list":["post-1197","page","type-page","status-publish"],"yoast_head":"<!-- This site is optimized with the Yoast SEO plugin v26.2 - https:\/\/yoast.com\/wordpress\/plugins\/seo\/ -->\n<title>Handisport - AFTT<\/title>\n<meta name=\"robots\" content=\"index, follow, max-snippet:-1, max-image-preview:large, max-video-preview:-1\" \/>\n<link rel=\"canonical\" href=\"https:\/\/aftt.be\/index.php\/handisport\/\" \/>\n<meta property=\"og:locale\" content=\"fr_FR\" \/>\n<meta property=\"og:type\" content=\"article\" \/>\n<meta property=\"og:title\" content=\"Handisport - AFTT\" \/>\n<meta property=\"og:description\" content=\"Le mot de la LHF Toute personne d\u00e9ficience motrice, intellectuelle ou sensorielle peut (re)commencer le sport et gr\u00e2ce \u00e0 celui-ci, prendre un nouveau d\u00e9part vers une vie active! V\u00e9ritable renforcement pour la r\u00e9\u00e9ducation, le sport augmente le bien-\u00eatre physique, mental et social. En confrontant la personne d\u00e9ficiente \u00e0 des situations inhabituelles, il am\u00e9liore son autonomie ... Lire la suite\" \/>\n<meta property=\"og:url\" content=\"https:\/\/aftt.be\/index.php\/handisport\/\" \/>\n<meta property=\"og:site_name\" content=\"AFTT\" \/>\n<meta property=\"article:publisher\" content=\"https:\/\/www.facebook.com\/AFTTofficiel\" \/>\n<meta property=\"article:modified_time\" content=\"2025-01-23T11:52:35+00:00\" \/>\n<meta name=\"twitter:card\" content=\"summary_large_image\" \/>\n<meta name=\"twitter:label1\" content=\"Dur\u00e9e de lecture estim\u00e9e\" \/>\n\t<meta name=\"twitter:data1\" content=\"2 minutes\" \/>\n<script type=\"application\/ld+json\" class=\"yoast-schema-graph\">{\"@context\":\"https:\/\/schema.org\",\"@graph\":[{\"@type\":\"WebPage\",\"@id\":\"https:\/\/aftt.be\/index.php\/handisport\/\",\"url\":\"https:\/\/aftt.be\/index.php\/handisport\/\",\"name\":\"Handisport - AFTT\",\"isPartOf\":{\"@id\":\"https:\/\/aftt.be\/#website\"},\"datePublished\":\"2024-12-26T11:27:25+00:00\",\"dateModified\":\"2025-01-23T11:52:35+00:00\",\"breadcrumb\":{\"@id\":\"https:\/\/aftt.be\/index.php\/handisport\/#breadcrumb\"},\"inLanguage\":\"fr-FR\",\"potentialAction\":[{\"@type\":\"ReadAction\",\"target\":[\"https:\/\/aftt.be\/index.php\/handisport\/\"]}]},{\"@type\":\"BreadcrumbList\",\"@id\":\"https:\/\/aftt.be\/index.php\/handisport\/#breadcrumb\",\"itemListElement\":[{\"@type\":\"ListItem\",\"position\":1,\"name\":\"Accueil\",\"item\":\"https:\/\/aftt.be\/\"},{\"@type\":\"ListItem\",\"position\":2,\"name\":\"Handisport\"}]},{\"@type\":\"WebSite\",\"@id\":\"https:\/\/aftt.be\/#website\",\"url\":\"https:\/\/aftt.be\/\",\"name\":\"AFTT\",\"description\":\"\",\"publisher\":{\"@id\":\"https:\/\/aftt.be\/#organization\"},\"potentialAction\":[{\"@type\":\"SearchAction\",\"target\":{\"@type\":\"EntryPoint\",\"urlTemplate\":\"https:\/\/aftt.be\/?s={search_term_string}\"},\"query-input\":{\"@type\":\"PropertyValueSpecification\",\"valueRequired\":true,\"valueName\":\"search_term_string\"}}],\"inLanguage\":\"fr-FR\"},{\"@type\":\"Organization\",\"@id\":\"https:\/\/aftt.be\/#organization\",\"name\":\"AFTT\",\"url\":\"https:\/\/aftt.be\/\",\"logo\":{\"@type\":\"ImageObject\",\"inLanguage\":\"fr-FR\",\"@id\":\"https:\/\/aftt.be\/#\/schema\/logo\/image\/\",\"url\":\"https:\/\/aftt.be\/wp-content\/uploads\/2024\/12\/AFTT-150x150-1.png\",\"contentUrl\":\"https:\/\/aftt.be\/wp-content\/uploads\/2024\/12\/AFTT-150x150-1.png\",\"width\":150,\"height\":150,\"caption\":\"AFTT\"},\"image\":{\"@id\":\"https:\/\/aftt.be\/#\/schema\/logo\/image\/\"},\"sameAs\":[\"https:\/\/www.facebook.com\/AFTTofficiel\"]}]}<\/script>\n<!-- \/ Yoast SEO plugin. -->","yoast_head_json":{"title":"Handisport - AFTT","robots":{"index":"index","follow":"follow","max-snippet":"max-snippet:-1","max-image-preview":"max-image-preview:large","max-video-preview":"max-video-preview:-1"},"canonical":"https:\/\/aftt.be\/index.php\/handisport\/","og_locale":"fr_FR","og_type":"article","og_title":"Handisport - AFTT","og_description":"Le mot de la LHF Toute personne d\u00e9ficience motrice, intellectuelle ou sensorielle peut (re)commencer le sport et gr\u00e2ce \u00e0 celui-ci, prendre un nouveau d\u00e9part vers une vie active! V\u00e9ritable renforcement pour la r\u00e9\u00e9ducation, le sport augmente le bien-\u00eatre physique, mental et social. En confrontant la personne d\u00e9ficiente \u00e0 des situations inhabituelles, il am\u00e9liore son autonomie ... Lire la suite","og_url":"https:\/\/aftt.be\/index.php\/handisport\/","og_site_name":"AFTT","article_publisher":"https:\/\/www.facebook.com\/AFTTofficiel","article_modified_time":"2025-01-23T11:52:35+00:00","twitter_card":"summary_large_image","twitter_misc":{"Dur\u00e9e de lecture estim\u00e9e":"2 minutes"},"schema":{"@context":"https:\/\/schema.org","@graph":[{"@type":"WebPage","@id":"https:\/\/aftt.be\/index.php\/handisport\/","url":"https:\/\/aftt.be\/index.php\/handisport\/","name":"Handisport - AFTT","isPartOf":{"@id":"https:\/\/aftt.be\/#website"},"datePublished":"2024-12-26T11:27:25+00:00","dateModified":"2025-01-23T11:52:35+00:00","breadcrumb":{"@id":"https:\/\/aftt.be\/index.php\/handisport\/#breadcrumb"},"inLanguage":"fr-FR","potentialAction":[{"@type":"ReadAction","target":["https:\/\/aftt.be\/index.php\/handisport\/"]}]},{"@type":"BreadcrumbList","@id":"https:\/\/aftt.be\/index.php\/handisport\/#breadcrumb","itemListElement":[{"@type":"ListItem","position":1,"name":"Accueil","item":"https:\/\/aftt.be\/"},{"@type":"ListItem","position":2,"name":"Handisport"}]},{"@type":"WebSite","@id":"https:\/\/aftt.be\/#website","url":"https:\/\/aftt.be\/","name":"AFTT","description":"","publisher":{"@id":"https:\/\/aftt.be\/#organization"},"potentialAction":[{"@type":"SearchAction","target":{"@type":"EntryPoint","urlTemplate":"https:\/\/aftt.be\/?s={search_term_string}"},"query-input":{"@type":"PropertyValueSpecification","valueRequired":true,"valueName":"search_term_string"}}],"inLanguage":"fr-FR"},{"@type":"Organization","@id":"https:\/\/aftt.be\/#organization","name":"AFTT","url":"https:\/\/aftt.be\/","logo":{"@type":"ImageObject","inLanguage":"fr-FR","@id":"https:\/\/aftt.be\/#\/schema\/logo\/image\/","url":"https:\/\/aftt.be\/wp-content\/uploads\/2024\/12\/AFTT-150x150-1.png","contentUrl":"https:\/\/aftt.be\/wp-content\/uploads\/2024\/12\/AFTT-150x150-1.png","width":150,"height":150,"caption":"AFTT"},"image":{"@id":"https:\/\/aftt.be\/#\/schema\/logo\/image\/"},"sameAs":["https:\/\/www.facebook.com\/AFTTofficiel"]}]}},"_links":{"self":[{"href":"https:\/\/aftt.be\/index.php\/wp-json\/wp\/v2\/pages\/1197","targetHints":{"allow":["GET"]}}],"collection":[{"href":"https:\/\/aftt.be\/index.php\/wp-json\/wp\/v2\/pages"}],"about":[{"href":"https:\/\/aftt.be\/index.php\/wp-json\/wp\/v2\/types\/page"}],"author":[{"embeddable":true,"href":"https:\/\/aftt.be\/index.php\/wp-json\/wp\/v2\/users\/1"}],"replies":[{"embeddable":true,"href":"https:\/\/aftt.be\/index.php\/wp-json\/wp\/v2\/comments?post=1197"}],"version-history":[{"count":58,"href":"https:\/\/aftt.be\/index.php\/wp-json\/wp\/v2\/pages\/1197\/revisions"}],"predecessor-version":[{"id":2898,"href":"https:\/\/aftt.be\/index.php\/wp-json\/wp\/v2\/pages\/1197\/revisions\/2898"}],"wp:attachment":[{"href":"https:\/\/aftt.be\/index.php\/wp-json\/wp\/v2\/media?parent=1197"}],"curies":[{"name":"wp","href":"https:\/\/api.w.org\/{rel}","templated":true}]}}