{"id":1144,"date":"2024-12-26T10:24:40","date_gmt":"2024-12-26T10:24:40","guid":{"rendered":"https:\/\/aftt.be\/?page_id=1144"},"modified":"2026-01-31T08:11:52","modified_gmt":"2026-01-31T08:11:52","slug":"championnats-individuels-de-laftt","status":"publish","type":"page","link":"https:\/\/aftt.be\/index.php\/championnats-individuels-de-laftt\/","title":{"rendered":"Championnats Individuels de l&#8217;AFTT"},"content":{"rendered":"\n<h2 class=\"wp-block-heading\"><strong>Saison 2025-2026 &#8211; Informations : <\/strong><\/h2>\n\n\n\n<p><\/p>\n\n\n\n<p>Phase de poules : <\/p>\n\n\n\n<ul class=\"wp-block-list\">\n<li><a href=\"https:\/\/aftt.be\/wp-content\/uploads\/2026\/01\/Messieurs-B.pdf\" target=\"_blank\" rel=\"noreferrer noopener\">Messieurs B<\/a><\/li>\n\n\n\n<li><a href=\"https:\/\/aftt.be\/wp-content\/uploads\/2026\/01\/Messieurs-C.pdf\" target=\"_blank\" rel=\"noreferrer noopener\">Messieurs C<\/a><\/li>\n\n\n\n<li><a href=\"https:\/\/aftt.be\/wp-content\/uploads\/2026\/01\/D-Messieurs.pdf\" target=\"_blank\" rel=\"noreferrer noopener\">Messieurs D<\/a><\/li>\n\n\n\n<li><a href=\"https:\/\/aftt.be\/wp-content\/uploads\/2026\/01\/E-Messieurs.pdf\" target=\"_blank\" rel=\"noreferrer noopener\">Messieurs E<\/a><\/li>\n\n\n\n<li><a href=\"https:\/\/aftt.be\/wp-content\/uploads\/2026\/01\/Dames-B.pdf\" target=\"_blank\" rel=\"noreferrer noopener\">Dames B<\/a><\/li>\n\n\n\n<li><a href=\"https:\/\/aftt.be\/wp-content\/uploads\/2026\/01\/Dames-C.pdf\" target=\"_blank\" rel=\"noreferrer noopener\">Dames C<\/a><\/li>\n\n\n\n<li><a href=\"https:\/\/aftt.be\/wp-content\/uploads\/2026\/01\/D-Dames.pdf\" target=\"_blank\" rel=\"noreferrer noopener\">Dames D<\/a><\/li>\n<\/ul>\n\n\n\n<h2 class=\"wp-block-heading\"><strong>Saison 2024-2025 &#8211; Informations : <\/strong><\/h2>\n\n\n\n<h3 class=\"wp-block-heading\">Podiums<\/h3>\n\n\n\n<figure class=\"wp-block-gallery has-nested-images columns-5 wp-block-gallery-1 is-layout-flex wp-block-gallery-is-layout-flex\">\n<figure class=\"wp-block-image size-large\"><a href=\"https:\/\/aftt.be\/wp-content\/uploads\/2025\/02\/1.png\"><img fetchpriority=\"high\" decoding=\"async\" width=\"1024\" height=\"1024\" data-id=\"3325\" src=\"https:\/\/aftt.be\/wp-content\/uploads\/2025\/02\/1-1024x1024.png\" alt=\"\" class=\"wp-image-3325\" srcset=\"https:\/\/aftt.be\/wp-content\/uploads\/2025\/02\/1-1024x1024.png 1024w, https:\/\/aftt.be\/wp-content\/uploads\/2025\/02\/1-300x300.png 300w, https:\/\/aftt.be\/wp-content\/uploads\/2025\/02\/1-150x150.png 150w, https:\/\/aftt.be\/wp-content\/uploads\/2025\/02\/1-768x768.png 768w, https:\/\/aftt.be\/wp-content\/uploads\/2025\/02\/1-75x75.png 75w, https:\/\/aftt.be\/wp-content\/uploads\/2025\/02\/1-750x750.png 750w, https:\/\/aftt.be\/wp-content\/uploads\/2025\/02\/1.png 1080w\" sizes=\"(max-width: 1024px) 100vw, 1024px\" \/><\/a><\/figure>\n\n\n\n<figure class=\"wp-block-image size-large\"><a href=\"https:\/\/aftt.be\/wp-content\/uploads\/2025\/02\/2.png\"><img decoding=\"async\" width=\"1024\" height=\"1024\" data-id=\"3322\" src=\"https:\/\/aftt.be\/wp-content\/uploads\/2025\/02\/2-1024x1024.png\" alt=\"\" class=\"wp-image-3322\" srcset=\"https:\/\/aftt.be\/wp-content\/uploads\/2025\/02\/2-1024x1024.png 1024w, https:\/\/aftt.be\/wp-content\/uploads\/2025\/02\/2-300x300.png 300w, https:\/\/aftt.be\/wp-content\/uploads\/2025\/02\/2-150x150.png 150w, https:\/\/aftt.be\/wp-content\/uploads\/2025\/02\/2-768x768.png 768w, https:\/\/aftt.be\/wp-content\/uploads\/2025\/02\/2-75x75.png 75w, https:\/\/aftt.be\/wp-content\/uploads\/2025\/02\/2-750x750.png 750w, https:\/\/aftt.be\/wp-content\/uploads\/2025\/02\/2.png 1080w\" sizes=\"(max-width: 1024px) 100vw, 1024px\" \/><\/a><\/figure>\n\n\n\n<figure class=\"wp-block-image size-large\"><a href=\"https:\/\/aftt.be\/wp-content\/uploads\/2025\/02\/3.png\"><img decoding=\"async\" width=\"1024\" height=\"1024\" data-id=\"3323\" src=\"https:\/\/aftt.be\/wp-content\/uploads\/2025\/02\/3-1024x1024.png\" alt=\"\" class=\"wp-image-3323\" srcset=\"https:\/\/aftt.be\/wp-content\/uploads\/2025\/02\/3-1024x1024.png 1024w, https:\/\/aftt.be\/wp-content\/uploads\/2025\/02\/3-300x300.png 300w, https:\/\/aftt.be\/wp-content\/uploads\/2025\/02\/3-150x150.png 150w, https:\/\/aftt.be\/wp-content\/uploads\/2025\/02\/3-768x768.png 768w, https:\/\/aftt.be\/wp-content\/uploads\/2025\/02\/3-75x75.png 75w, https:\/\/aftt.be\/wp-content\/uploads\/2025\/02\/3-750x750.png 750w, https:\/\/aftt.be\/wp-content\/uploads\/2025\/02\/3.png 1080w\" sizes=\"(max-width: 1024px) 100vw, 1024px\" \/><\/a><\/figure>\n\n\n\n<figure class=\"wp-block-image size-large\"><a href=\"https:\/\/aftt.be\/wp-content\/uploads\/2025\/02\/4.png\"><img loading=\"lazy\" decoding=\"async\" width=\"1080\" height=\"1080\" data-id=\"3324\" src=\"https:\/\/aftt.be\/wp-content\/uploads\/2025\/02\/4-1024x1024.png\" alt=\"\" class=\"wp-image-3324\" srcset=\"https:\/\/aftt.be\/wp-content\/uploads\/2025\/02\/4-1024x1024.png 1024w, https:\/\/aftt.be\/wp-content\/uploads\/2025\/02\/4-300x300.png 300w, https:\/\/aftt.be\/wp-content\/uploads\/2025\/02\/4-150x150.png 150w, https:\/\/aftt.be\/wp-content\/uploads\/2025\/02\/4-768x768.png 768w, https:\/\/aftt.be\/wp-content\/uploads\/2025\/02\/4-75x75.png 75w, https:\/\/aftt.be\/wp-content\/uploads\/2025\/02\/4-750x750.png 750w, https:\/\/aftt.be\/wp-content\/uploads\/2025\/02\/4.png 1080w\" sizes=\"(max-width: 1080px) 100vw, 1080px\" \/><\/a><\/figure>\n\n\n\n<figure class=\"wp-block-image size-large\"><a href=\"https:\/\/aftt.be\/wp-content\/uploads\/2025\/02\/5.png\"><img loading=\"lazy\" decoding=\"async\" width=\"1024\" height=\"1024\" data-id=\"3326\" src=\"https:\/\/aftt.be\/wp-content\/uploads\/2025\/02\/5-1024x1024.png\" alt=\"\" class=\"wp-image-3326\" srcset=\"https:\/\/aftt.be\/wp-content\/uploads\/2025\/02\/5-1024x1024.png 1024w, https:\/\/aftt.be\/wp-content\/uploads\/2025\/02\/5-300x300.png 300w, https:\/\/aftt.be\/wp-content\/uploads\/2025\/02\/5-150x150.png 150w, https:\/\/aftt.be\/wp-content\/uploads\/2025\/02\/5-768x768.png 768w, https:\/\/aftt.be\/wp-content\/uploads\/2025\/02\/5-75x75.png 75w, https:\/\/aftt.be\/wp-content\/uploads\/2025\/02\/5-750x750.png 750w, https:\/\/aftt.be\/wp-content\/uploads\/2025\/02\/5.png 1080w\" sizes=\"(max-width: 1024px) 100vw, 1024px\" \/><\/a><\/figure>\n\n\n\n<figure class=\"wp-block-image size-large\"><a href=\"https:\/\/aftt.be\/wp-content\/uploads\/2025\/02\/6.png\"><img loading=\"lazy\" decoding=\"async\" width=\"1024\" height=\"1024\" data-id=\"3328\" src=\"https:\/\/aftt.be\/wp-content\/uploads\/2025\/02\/6-1024x1024.png\" alt=\"\" class=\"wp-image-3328\" srcset=\"https:\/\/aftt.be\/wp-content\/uploads\/2025\/02\/6-1024x1024.png 1024w, https:\/\/aftt.be\/wp-content\/uploads\/2025\/02\/6-300x300.png 300w, https:\/\/aftt.be\/wp-content\/uploads\/2025\/02\/6-150x150.png 150w, https:\/\/aftt.be\/wp-content\/uploads\/2025\/02\/6-768x768.png 768w, https:\/\/aftt.be\/wp-content\/uploads\/2025\/02\/6-75x75.png 75w, https:\/\/aftt.be\/wp-content\/uploads\/2025\/02\/6-750x750.png 750w, https:\/\/aftt.be\/wp-content\/uploads\/2025\/02\/6.png 1080w\" sizes=\"(max-width: 1024px) 100vw, 1024px\" \/><\/a><\/figure>\n\n\n\n<figure class=\"wp-block-image size-large\"><a href=\"https:\/\/aftt.be\/wp-content\/uploads\/2025\/02\/7.png\"><img loading=\"lazy\" decoding=\"async\" width=\"1024\" height=\"1024\" data-id=\"3327\" src=\"https:\/\/aftt.be\/wp-content\/uploads\/2025\/02\/7-1024x1024.png\" alt=\"\" class=\"wp-image-3327\" srcset=\"https:\/\/aftt.be\/wp-content\/uploads\/2025\/02\/7-1024x1024.png 1024w, https:\/\/aftt.be\/wp-content\/uploads\/2025\/02\/7-300x300.png 300w, https:\/\/aftt.be\/wp-content\/uploads\/2025\/02\/7-150x150.png 150w, https:\/\/aftt.be\/wp-content\/uploads\/2025\/02\/7-768x768.png 768w, https:\/\/aftt.be\/wp-content\/uploads\/2025\/02\/7-75x75.png 75w, https:\/\/aftt.be\/wp-content\/uploads\/2025\/02\/7-750x750.png 750w, https:\/\/aftt.be\/wp-content\/uploads\/2025\/02\/7.png 1080w\" sizes=\"(max-width: 1024px) 100vw, 1024px\" \/><\/a><\/figure>\n\n\n\n<figure class=\"wp-block-image size-large\"><a href=\"https:\/\/aftt.be\/wp-content\/uploads\/2025\/02\/8.png\"><img loading=\"lazy\" decoding=\"async\" width=\"1024\" height=\"1024\" data-id=\"3329\" src=\"https:\/\/aftt.be\/wp-content\/uploads\/2025\/02\/8-1024x1024.png\" alt=\"\" class=\"wp-image-3329\" srcset=\"https:\/\/aftt.be\/wp-content\/uploads\/2025\/02\/8-1024x1024.png 1024w, https:\/\/aftt.be\/wp-content\/uploads\/2025\/02\/8-300x300.png 300w, https:\/\/aftt.be\/wp-content\/uploads\/2025\/02\/8-150x150.png 150w, https:\/\/aftt.be\/wp-content\/uploads\/2025\/02\/8-768x768.png 768w, https:\/\/aftt.be\/wp-content\/uploads\/2025\/02\/8-75x75.png 75w, https:\/\/aftt.be\/wp-content\/uploads\/2025\/02\/8-750x750.png 750w, https:\/\/aftt.be\/wp-content\/uploads\/2025\/02\/8.png 1080w\" sizes=\"(max-width: 1024px) 100vw, 1024px\" \/><\/a><\/figure>\n<\/figure>\n\n\n\n<h3 class=\"wp-block-heading\">R\u00e9sultats<\/h3>\n\n\n\n<p><strong>Messieurs B : <\/strong><\/p>\n\n\n\n<p>1\/4 : <strong>Ludovic Bierny <\/strong>&#8211; Kevin Leonard : 3 &#8211; 1<\/p>\n\n\n\n<p>1\/4 :<strong> Pierre-Yves Lemaitre<\/strong> &#8211; Guillaume Emmanuel Diouf : 0 &#8211; 3<\/p>\n\n\n\n<p>1\/4 : <strong>Per Gevers <\/strong>&#8211; Maxime Degive : 3 &#8211; 2<\/p>\n\n\n\n<p>1\/4 : Beligdorg Svren &#8211;<strong> Max Lermusiaux<\/strong> : 0 &#8211; 3<\/p>\n\n\n\n<p>1\/2 : <strong>Ludovic Bierny<\/strong> &#8211; Pierre-Yves Lemaitre : 3-2<\/p>\n\n\n\n<p>1\/2 : Per Gevers &#8211; <strong>Max Lermusiaux<\/strong> : 2 &#8211; 3<\/p>\n\n\n\n<p>Finale : Ludovic Bierny &#8211; <strong>Max Lermusiaux<\/strong> : 2 &#8211; 3<\/p>\n\n\n\n<p><strong>Messieurs C : <\/strong><\/p>\n\n\n\n<p>1\/4 : Auguste Oldenhove De Guertechin &#8211; <strong>Julian Dedeken <\/strong>: 0 &#8211; 3<\/p>\n\n\n\n<p>1\/4 : <strong>Mathis Kairis<\/strong> &#8211; Nathan Lemmens : 3 &#8211; 1<\/p>\n\n\n\n<p>1\/4 : <strong>Pierre Vassart<\/strong> &#8211; Tom Libotte : 3 &#8211; 1 <\/p>\n\n\n\n<p>1\/4 : Thomas Malempree &#8211;<strong> Sam Vandenbulcke<\/strong> : 1 &#8211; 3<\/p>\n\n\n\n<p>1\/2 : Julian Dedeken &#8211;<strong> Mathis Kairis <\/strong>: 1 &#8211; 3<\/p>\n\n\n\n<p>1\/2 : Pierre Vassart &#8211; <strong>Sam Vandenbulcke<\/strong> : 1 &#8211; 3<\/p>\n\n\n\n<p>Finale : <strong>Mathis Kairis<\/strong> &#8211; Sam Vandenbulcke : 3 &#8211; 0<\/p>\n\n\n\n<p><strong>Messieurs D : <\/strong><\/p>\n\n\n\n<p>1\/4 : <strong>Thomas Louis <\/strong>&#8211; Tony Yuhan Hu : 3 &#8211; 1<\/p>\n\n\n\n<p>1\/4 : Thomas Cupers &#8211; <strong>Sacha Guichard <\/strong>: 1 &#8211; 3<\/p>\n\n\n\n<p>1\/4 : <strong>Mihaly Csiszar<\/strong> &#8211; Audric Petit : 3 &#8211; 2<\/p>\n\n\n\n<p>1\/4 : Simon Piret &#8211; <strong>Elliot Vanderbecq<\/strong> : 0 &#8211; 3<\/p>\n\n\n\n<p>1\/2 : Thomas Louis &#8211; <strong>Sacha Guichard<\/strong> : 1 &#8211; 3<\/p>\n\n\n\n<p>1\/2 : <strong>Mihaly Csiszar<\/strong> &#8211; Elliot Vanderbecq : 3 &#8211; 2<\/p>\n\n\n\n<p>Finale : Sacha Guichard &#8211; <strong>Mihaly Csiszar<\/strong> : 2 &#8211; 3Finale : Sacha Guichard &#8211; <strong>Mihaly Csiszar<\/strong> : 2 &#8211; 3<\/p>\n\n\n\n<p><strong>Messieurs E : <\/strong><\/p>\n\n\n\n<p>1\/4 : Lucien De Brye &#8211; <strong>Nathan Decloux<\/strong> : 0 &#8211; 3<\/p>\n\n\n\n<p>1\/4 : Th\u00e9o Dewez &#8211; <strong>Hugo De Vuyst<\/strong> : 1 &#8211; 3<\/p>\n\n\n\n<p>1\/4 : <strong>Maxime Noel<\/strong> &#8211; Noah Dicop : 3 &#8211; 0<\/p>\n\n\n\n<p>1\/4 : <strong>Ezechiel Boerboom<\/strong> &#8211; Mickael Damhaut : 3 &#8211; 2<\/p>\n\n\n\n<p>1\/2 : <strong>Nathan Decloux<\/strong> &#8211; Hugo De Vuyst : 3 &#8211; 1<\/p>\n\n\n\n<p>1\/2 : <strong>Maxime Noel<\/strong> &#8211; Ezechiel Boerboom :  3 &#8211; 0<\/p>\n\n\n\n<p>Finale : Nathan Decloux &#8211; <strong>Maxime Noel<\/strong> : 1 &#8211; 3<\/p>\n\n\n\n<p><strong>Dames B : <\/strong><\/p>\n\n\n\n<p>1\/4 : <strong>Florence Van Acker <\/strong>&#8211; Stella Buelens<strong> <\/strong>: 3 &#8211; 0<\/p>\n\n\n\n<p>1\/4 : Lilly Vandenbulcke &#8211; <strong>Marine Brico <\/strong>: 2 &#8211; 3<\/p>\n\n\n\n<p>1\/4 : <strong>Alicia Warrand <\/strong>&#8211; Celia Bury : 3 &#8211; 0<\/p>\n\n\n\n<p>1\/4 : Victoria Poncelet &#8211; <strong>Elea Colot <\/strong>: 0 &#8211; 3<\/p>\n\n\n\n<p>1\/2 : Florence Van Acker &#8211; <strong>Marine Brico <\/strong>: 2 &#8211; 3<\/p>\n\n\n\n<p>1\/2 : Alicia Warrand &#8211; <strong>Elea Colot<\/strong> : 2 &#8211; 3<\/p>\n\n\n\n<p>Finale : <strong>Marine Brico<\/strong> &#8211; Elea Colot : 3 &#8211; 0<\/p>\n\n\n\n<p><strong>Dames C : <\/strong><\/p>\n\n\n\n<p>1\/4 : Emeline Czaplicki &#8211; <strong>Maya Van Zuylen Van Nyevelt <\/strong>: 1 &#8211; 3<\/p>\n\n\n\n<p>1\/4 : Lilou Dantinne &#8211; <strong>Christelle Xhonneux<\/strong> : 1 &#8211; 3<\/p>\n\n\n\n<p>1\/4 : <strong>Elina Louras<\/strong> &#8211; Serena Iseppi : 3 &#8211; 2<\/p>\n\n\n\n<p>1\/4 : Solene Quintin &#8211; <strong>Romane Gilles<\/strong> : 0 &#8211; 3<\/p>\n\n\n\n<p>1\/2 : Maya Van Zuylen Van Nyevelt &#8211; <strong>Christelle Xhonneux<\/strong> : 0 &#8211; 3<\/p>\n\n\n\n<p>1\/2 : <strong>Elina Louras<\/strong> &#8211; Romane Gilles : 3 &#8211; 0<\/p>\n\n\n\n<p>Finale : <strong>Christelle Xhonneux<\/strong> &#8211; Elina Louras : 3 &#8211; 1<\/p>\n\n\n\n<p><strong>Dames D : <\/strong><\/p>\n\n\n\n<p>1\/4 : Elea Muller &#8211; <strong>Elise Pironet <\/strong>: 1 &#8211; 3<\/p>\n\n\n\n<p>1\/4 : <strong>Lola Rademacker<\/strong> &#8211; Louise Dessaint : 3 &#8211; 2<\/p>\n\n\n\n<p>1\/4 : Lila Guissard &#8211; <strong>Nora De Gier<\/strong> : 1 &#8211; 3<\/p>\n\n\n\n<p>1\/4 : <strong>Tanisha Singh<\/strong> &#8211; Lore Van Den Bril : 3 &#8211; 0<\/p>\n\n\n\n<p>1\/2 : Elise Pironet &#8211; <strong>Lola Rademacker<\/strong> : 1 &#8211; 3<\/p>\n\n\n\n<p>1\/2 : <strong>Nora De Gier<\/strong> &#8211; Tanisha Singh : 3 &#8211; 1<\/p>\n\n\n\n<p>Finale : Lola Rademacker &#8211; Nora De Gier : 2 &#8211; 3<\/p>\n\n\n\n<h3 class=\"wp-block-heading\">Affiches<\/h3>\n\n\n\n<p>L&#8217;affiche est disponible, et cette ann\u00e9e les Championnats Individuels auront lieu \u00e0 Spa. L&#8217;horaire d\u00e9taill\u00e9 suivra par la suite. <\/p>\n\n\n\n<p>Les inscriptions seront ouvertes \u00e0 partir du <strong>15 janvier<\/strong>.<\/p>\n\n\n\n<figure class=\"wp-block-gallery has-nested-images columns-2 wp-block-gallery-2 is-layout-flex wp-block-gallery-is-layout-flex\"><div class=\"wp-block-image\">\n<figure class=\"aligncenter size-medium\"><a href=\"https:\/\/aftt.be\/wp-content\/uploads\/2024\/12\/2-1.png\"><img loading=\"lazy\" decoding=\"async\" width=\"212\" height=\"300\" data-id=\"1119\" src=\"https:\/\/aftt.be\/wp-content\/uploads\/2024\/12\/2-1-212x300.png\" alt=\"\" class=\"wp-image-1119\" srcset=\"https:\/\/aftt.be\/wp-content\/uploads\/2024\/12\/2-1-212x300.png 212w, https:\/\/aftt.be\/wp-content\/uploads\/2024\/12\/2-1-768x1086.png 768w, https:\/\/aftt.be\/wp-content\/uploads\/2024\/12\/2-1-724x1024.png 724w, https:\/\/aftt.be\/wp-content\/uploads\/2024\/12\/2-1-1086x1536.png 1086w, https:\/\/aftt.be\/wp-content\/uploads\/2024\/12\/2-1-750x1061.png 750w, https:\/\/aftt.be\/wp-content\/uploads\/2024\/12\/2-1-1140x1612.png 1140w, https:\/\/aftt.be\/wp-content\/uploads\/2024\/12\/2-1.png 1414w\" sizes=\"(max-width: 212px) 100vw, 212px\" \/><\/a><\/figure><\/div>\n\n<div class=\"wp-block-image\">\n<figure class=\"aligncenter size-medium\"><a href=\"https:\/\/aftt.be\/wp-content\/uploads\/2024\/12\/1-1.png\"><img loading=\"lazy\" decoding=\"async\" width=\"212\" height=\"300\" data-id=\"1118\" src=\"https:\/\/aftt.be\/wp-content\/uploads\/2024\/12\/1-1-212x300.png\" alt=\"\" class=\"wp-image-1118\" srcset=\"https:\/\/aftt.be\/wp-content\/uploads\/2024\/12\/1-1-212x300.png 212w, https:\/\/aftt.be\/wp-content\/uploads\/2024\/12\/1-1-768x1086.png 768w, https:\/\/aftt.be\/wp-content\/uploads\/2024\/12\/1-1-724x1024.png 724w, https:\/\/aftt.be\/wp-content\/uploads\/2024\/12\/1-1-1086x1536.png 1086w, https:\/\/aftt.be\/wp-content\/uploads\/2024\/12\/1-1-750x1061.png 750w, https:\/\/aftt.be\/wp-content\/uploads\/2024\/12\/1-1-1140x1612.png 1140w, https:\/\/aftt.be\/wp-content\/uploads\/2024\/12\/1-1.png 1414w\" sizes=\"(max-width: 212px) 100vw, 212px\" \/><\/a><\/figure><\/div><\/figure>\n\n\n\n<div style=\"height:50px\" aria-hidden=\"true\" class=\"wp-block-spacer\"><\/div>\n\n\n\n<hr class=\"wp-block-separator has-alpha-channel-opacity\"\/>\n\n\n\n<div style=\"height:50px\" aria-hidden=\"true\" class=\"wp-block-spacer\"><\/div>\n\n\n\n<h2 class=\"wp-block-heading\"><strong>Saison 2023-2024 &#8211; Palmar\u00e8s : <\/strong><\/h2>\n\n\n\n<p><strong>Dames B <\/strong><br><em>1&#8230; Margaux Tschirr, 2&#8230; Elea Colot, 3&#8230; Marine Brico, 4&#8230; Alicia Warrand<\/em><\/p>\n\n\n\n<p><strong>Dames C<\/strong><br><em>1&#8230; Celia Dupont, 2&#8230; Anouk Mailleux, 3&#8230; Zhanapraia Sanzarowski, 4&#8230; Christelle Xhonneux<\/em><\/p>\n\n\n\n<p><strong>Dames D <\/strong><br><em>1&#8230; Hong Wei, 2&#8230; Amandine Rifflart, 3&#8230; Elsa Vandecelaere, 4&#8230; Lore Van Den Bril<\/em><\/p>\n\n\n\n<p><strong>Messieurs B<\/strong><br><em>1&#8230; Max Lermusiaux, 2&#8230; Per Gevers, 3&#8230; Nicolas Marchal, 4&#8230; Arthur Bilas<\/em><\/p>\n\n\n\n<p><strong>Messieurs C <\/strong><br><em>1&#8230; Pierre Lacoin, 2&#8230; Noa Barbarin, 3&#8230; Killian Antoine, 4&#8230; Luka Broccolo<\/em><\/p>\n\n\n\n<p><strong>Messieurs D <\/strong><br><em>1&#8230; Th\u00e9o Hiben, 2&#8230; William Govaert, 3&#8230; Jacques Dejonghe, 4&#8230; Aime Feyens<\/em><\/p>\n\n\n\n<p><strong>Messieurs E<\/strong><br><em>1&#8230; Antoine Damhaut, 2&#8230; Michael Slagmulder, 3&#8230; Ethan Roose, 4&#8230; Tony Yuhan Hu<\/em><\/p>\n\n\n\n<p><\/p>\n","protected":false},"excerpt":{"rendered":"<p>Saison 2025-2026 &#8211; Informations : Phase de poules : Saison 2024-2025 &#8211; Informations : Podiums R\u00e9sultats Messieurs B : 1\/4 : Ludovic Bierny &#8211; Kevin Leonard : 3 &#8211; 1 1\/4 : Pierre-Yves Lemaitre &#8211; Guillaume Emmanuel Diouf : 0 &#8211; 3 1\/4 : Per Gevers &#8211; Maxime Degive : 3 &#8211; 2 1\/4 : &#8230; <a title=\"Championnats Individuels de l&#8217;AFTT\" class=\"read-more\" href=\"https:\/\/aftt.be\/index.php\/championnats-individuels-de-laftt\/\" aria-label=\"En savoir plus sur Championnats Individuels de l&#8217;AFTT\">Lire la suite<\/a><\/p>\n","protected":false},"author":1,"featured_media":0,"parent":0,"menu_order":0,"comment_status":"closed","ping_status":"closed","template":"","meta":{"footnotes":""},"class_list":["post-1144","page","type-page","status-publish"],"yoast_head":"<!-- This site is optimized with the Yoast SEO plugin v26.2 - https:\/\/yoast.com\/wordpress\/plugins\/seo\/ -->\n<title>Championnats Individuels de l&#039;AFTT - AFTT<\/title>\n<meta name=\"robots\" content=\"index, follow, max-snippet:-1, max-image-preview:large, max-video-preview:-1\" \/>\n<link rel=\"canonical\" href=\"https:\/\/aftt.be\/index.php\/championnats-individuels-de-laftt\/\" \/>\n<meta property=\"og:locale\" content=\"fr_FR\" \/>\n<meta property=\"og:type\" content=\"article\" \/>\n<meta property=\"og:title\" content=\"Championnats Individuels de l&#039;AFTT - AFTT\" \/>\n<meta property=\"og:description\" content=\"Saison 2025-2026 &#8211; Informations : Phase de poules : Saison 2024-2025 &#8211; Informations : Podiums R\u00e9sultats Messieurs B : 1\/4 : Ludovic Bierny &#8211; Kevin Leonard : 3 &#8211; 1 1\/4 : Pierre-Yves Lemaitre &#8211; Guillaume Emmanuel Diouf : 0 &#8211; 3 1\/4 : Per Gevers &#8211; Maxime Degive : 3 &#8211; 2 1\/4 : ... Lire la suite\" \/>\n<meta property=\"og:url\" content=\"https:\/\/aftt.be\/index.php\/championnats-individuels-de-laftt\/\" \/>\n<meta property=\"og:site_name\" content=\"AFTT\" \/>\n<meta property=\"article:publisher\" content=\"https:\/\/www.facebook.com\/AFTTofficiel\" \/>\n<meta property=\"article:modified_time\" content=\"2026-01-31T08:11:52+00:00\" \/>\n<meta property=\"og:image\" content=\"https:\/\/aftt.be\/wp-content\/uploads\/2025\/02\/1.png\" \/>\n\t<meta property=\"og:image:width\" content=\"1080\" \/>\n\t<meta property=\"og:image:height\" content=\"1080\" \/>\n\t<meta property=\"og:image:type\" content=\"image\/png\" \/>\n<meta name=\"twitter:card\" content=\"summary_large_image\" \/>\n<meta name=\"twitter:label1\" content=\"Dur\u00e9e de lecture estim\u00e9e\" \/>\n\t<meta name=\"twitter:data1\" content=\"5 minutes\" \/>\n<script type=\"application\/ld+json\" class=\"yoast-schema-graph\">{\"@context\":\"https:\/\/schema.org\",\"@graph\":[{\"@type\":\"WebPage\",\"@id\":\"https:\/\/aftt.be\/index.php\/championnats-individuels-de-laftt\/\",\"url\":\"https:\/\/aftt.be\/index.php\/championnats-individuels-de-laftt\/\",\"name\":\"Championnats Individuels de l'AFTT - AFTT\",\"isPartOf\":{\"@id\":\"https:\/\/aftt.be\/#website\"},\"primaryImageOfPage\":{\"@id\":\"https:\/\/aftt.be\/index.php\/championnats-individuels-de-laftt\/#primaryimage\"},\"image\":{\"@id\":\"https:\/\/aftt.be\/index.php\/championnats-individuels-de-laftt\/#primaryimage\"},\"thumbnailUrl\":\"https:\/\/aftt.be\/wp-content\/uploads\/2025\/02\/1-1024x1024.png\",\"datePublished\":\"2024-12-26T10:24:40+00:00\",\"dateModified\":\"2026-01-31T08:11:52+00:00\",\"breadcrumb\":{\"@id\":\"https:\/\/aftt.be\/index.php\/championnats-individuels-de-laftt\/#breadcrumb\"},\"inLanguage\":\"fr-FR\",\"potentialAction\":[{\"@type\":\"ReadAction\",\"target\":[\"https:\/\/aftt.be\/index.php\/championnats-individuels-de-laftt\/\"]}]},{\"@type\":\"ImageObject\",\"inLanguage\":\"fr-FR\",\"@id\":\"https:\/\/aftt.be\/index.php\/championnats-individuels-de-laftt\/#primaryimage\",\"url\":\"https:\/\/aftt.be\/wp-content\/uploads\/2025\/02\/1.png\",\"contentUrl\":\"https:\/\/aftt.be\/wp-content\/uploads\/2025\/02\/1.png\",\"width\":1080,\"height\":1080},{\"@type\":\"BreadcrumbList\",\"@id\":\"https:\/\/aftt.be\/index.php\/championnats-individuels-de-laftt\/#breadcrumb\",\"itemListElement\":[{\"@type\":\"ListItem\",\"position\":1,\"name\":\"Accueil\",\"item\":\"https:\/\/aftt.be\/\"},{\"@type\":\"ListItem\",\"position\":2,\"name\":\"Championnats Individuels de l&#8217;AFTT\"}]},{\"@type\":\"WebSite\",\"@id\":\"https:\/\/aftt.be\/#website\",\"url\":\"https:\/\/aftt.be\/\",\"name\":\"AFTT\",\"description\":\"\",\"publisher\":{\"@id\":\"https:\/\/aftt.be\/#organization\"},\"potentialAction\":[{\"@type\":\"SearchAction\",\"target\":{\"@type\":\"EntryPoint\",\"urlTemplate\":\"https:\/\/aftt.be\/?s={search_term_string}\"},\"query-input\":{\"@type\":\"PropertyValueSpecification\",\"valueRequired\":true,\"valueName\":\"search_term_string\"}}],\"inLanguage\":\"fr-FR\"},{\"@type\":\"Organization\",\"@id\":\"https:\/\/aftt.be\/#organization\",\"name\":\"AFTT\",\"url\":\"https:\/\/aftt.be\/\",\"logo\":{\"@type\":\"ImageObject\",\"inLanguage\":\"fr-FR\",\"@id\":\"https:\/\/aftt.be\/#\/schema\/logo\/image\/\",\"url\":\"https:\/\/aftt.be\/wp-content\/uploads\/2024\/12\/AFTT-150x150-1.png\",\"contentUrl\":\"https:\/\/aftt.be\/wp-content\/uploads\/2024\/12\/AFTT-150x150-1.png\",\"width\":150,\"height\":150,\"caption\":\"AFTT\"},\"image\":{\"@id\":\"https:\/\/aftt.be\/#\/schema\/logo\/image\/\"},\"sameAs\":[\"https:\/\/www.facebook.com\/AFTTofficiel\"]}]}<\/script>\n<!-- \/ Yoast SEO plugin. -->","yoast_head_json":{"title":"Championnats Individuels de l'AFTT - AFTT","robots":{"index":"index","follow":"follow","max-snippet":"max-snippet:-1","max-image-preview":"max-image-preview:large","max-video-preview":"max-video-preview:-1"},"canonical":"https:\/\/aftt.be\/index.php\/championnats-individuels-de-laftt\/","og_locale":"fr_FR","og_type":"article","og_title":"Championnats Individuels de l'AFTT - AFTT","og_description":"Saison 2025-2026 &#8211; Informations : Phase de poules : Saison 2024-2025 &#8211; Informations : Podiums R\u00e9sultats Messieurs B : 1\/4 : Ludovic Bierny &#8211; Kevin Leonard : 3 &#8211; 1 1\/4 : Pierre-Yves Lemaitre &#8211; Guillaume Emmanuel Diouf : 0 &#8211; 3 1\/4 : Per Gevers &#8211; Maxime Degive : 3 &#8211; 2 1\/4 : ... Lire la suite","og_url":"https:\/\/aftt.be\/index.php\/championnats-individuels-de-laftt\/","og_site_name":"AFTT","article_publisher":"https:\/\/www.facebook.com\/AFTTofficiel","article_modified_time":"2026-01-31T08:11:52+00:00","og_image":[{"width":1080,"height":1080,"url":"https:\/\/aftt.be\/wp-content\/uploads\/2025\/02\/1.png","type":"image\/png"}],"twitter_card":"summary_large_image","twitter_misc":{"Dur\u00e9e de lecture estim\u00e9e":"5 minutes"},"schema":{"@context":"https:\/\/schema.org","@graph":[{"@type":"WebPage","@id":"https:\/\/aftt.be\/index.php\/championnats-individuels-de-laftt\/","url":"https:\/\/aftt.be\/index.php\/championnats-individuels-de-laftt\/","name":"Championnats Individuels de l'AFTT - AFTT","isPartOf":{"@id":"https:\/\/aftt.be\/#website"},"primaryImageOfPage":{"@id":"https:\/\/aftt.be\/index.php\/championnats-individuels-de-laftt\/#primaryimage"},"image":{"@id":"https:\/\/aftt.be\/index.php\/championnats-individuels-de-laftt\/#primaryimage"},"thumbnailUrl":"https:\/\/aftt.be\/wp-content\/uploads\/2025\/02\/1-1024x1024.png","datePublished":"2024-12-26T10:24:40+00:00","dateModified":"2026-01-31T08:11:52+00:00","breadcrumb":{"@id":"https:\/\/aftt.be\/index.php\/championnats-individuels-de-laftt\/#breadcrumb"},"inLanguage":"fr-FR","potentialAction":[{"@type":"ReadAction","target":["https:\/\/aftt.be\/index.php\/championnats-individuels-de-laftt\/"]}]},{"@type":"ImageObject","inLanguage":"fr-FR","@id":"https:\/\/aftt.be\/index.php\/championnats-individuels-de-laftt\/#primaryimage","url":"https:\/\/aftt.be\/wp-content\/uploads\/2025\/02\/1.png","contentUrl":"https:\/\/aftt.be\/wp-content\/uploads\/2025\/02\/1.png","width":1080,"height":1080},{"@type":"BreadcrumbList","@id":"https:\/\/aftt.be\/index.php\/championnats-individuels-de-laftt\/#breadcrumb","itemListElement":[{"@type":"ListItem","position":1,"name":"Accueil","item":"https:\/\/aftt.be\/"},{"@type":"ListItem","position":2,"name":"Championnats Individuels de l&#8217;AFTT"}]},{"@type":"WebSite","@id":"https:\/\/aftt.be\/#website","url":"https:\/\/aftt.be\/","name":"AFTT","description":"","publisher":{"@id":"https:\/\/aftt.be\/#organization"},"potentialAction":[{"@type":"SearchAction","target":{"@type":"EntryPoint","urlTemplate":"https:\/\/aftt.be\/?s={search_term_string}"},"query-input":{"@type":"PropertyValueSpecification","valueRequired":true,"valueName":"search_term_string"}}],"inLanguage":"fr-FR"},{"@type":"Organization","@id":"https:\/\/aftt.be\/#organization","name":"AFTT","url":"https:\/\/aftt.be\/","logo":{"@type":"ImageObject","inLanguage":"fr-FR","@id":"https:\/\/aftt.be\/#\/schema\/logo\/image\/","url":"https:\/\/aftt.be\/wp-content\/uploads\/2024\/12\/AFTT-150x150-1.png","contentUrl":"https:\/\/aftt.be\/wp-content\/uploads\/2024\/12\/AFTT-150x150-1.png","width":150,"height":150,"caption":"AFTT"},"image":{"@id":"https:\/\/aftt.be\/#\/schema\/logo\/image\/"},"sameAs":["https:\/\/www.facebook.com\/AFTTofficiel"]}]}},"_links":{"self":[{"href":"https:\/\/aftt.be\/index.php\/wp-json\/wp\/v2\/pages\/1144","targetHints":{"allow":["GET"]}}],"collection":[{"href":"https:\/\/aftt.be\/index.php\/wp-json\/wp\/v2\/pages"}],"about":[{"href":"https:\/\/aftt.be\/index.php\/wp-json\/wp\/v2\/types\/page"}],"author":[{"embeddable":true,"href":"https:\/\/aftt.be\/index.php\/wp-json\/wp\/v2\/users\/1"}],"replies":[{"embeddable":true,"href":"https:\/\/aftt.be\/index.php\/wp-json\/wp\/v2\/comments?post=1144"}],"version-history":[{"count":50,"href":"https:\/\/aftt.be\/index.php\/wp-json\/wp\/v2\/pages\/1144\/revisions"}],"predecessor-version":[{"id":17720,"href":"https:\/\/aftt.be\/index.php\/wp-json\/wp\/v2\/pages\/1144\/revisions\/17720"}],"wp:attachment":[{"href":"https:\/\/aftt.be\/index.php\/wp-json\/wp\/v2\/media?parent=1144"}],"curies":[{"name":"wp","href":"https:\/\/api.w.org\/{rel}","templated":true}]}}