{"version":"1.0","provider_name":"AFTT","provider_url":"https:\/\/aftt.be","author_name":"Marion Douin","author_url":"https:\/\/aftt.be\/index.php\/author\/mariondouin\/","title":"Open de Belgique - AFTT","type":"rich","width":600,"height":338,"html":"<blockquote class=\"wp-embedded-content\" data-secret=\"PA4Q6JDEp3\"><a href=\"https:\/\/aftt.be\/index.php\/open-de-belgique\/\">Open de Belgique<\/a><\/blockquote><iframe sandbox=\"allow-scripts\" security=\"restricted\" src=\"https:\/\/aftt.be\/index.php\/open-de-belgique\/embed\/#?secret=PA4Q6JDEp3\" width=\"600\" height=\"338\" title=\"\u00ab\u00a0Open de Belgique\u00a0\u00bb &#8212; AFTT\" data-secret=\"PA4Q6JDEp3\" frameborder=\"0\" marginwidth=\"0\" marginheight=\"0\" scrolling=\"no\" class=\"wp-embedded-content\"><\/iframe><script>\n\/*! This file is auto-generated *\/\n!function(d,l){\"use strict\";l.querySelector&&d.addEventListener&&\"undefined\"!=typeof URL&&(d.wp=d.wp||{},d.wp.receiveEmbedMessage||(d.wp.receiveEmbedMessage=function(e){var t=e.data;if((t||t.secret||t.message||t.value)&&!\/[^a-zA-Z0-9]\/.test(t.secret)){for(var s,r,n,a=l.querySelectorAll('iframe[data-secret=\"'+t.secret+'\"]'),o=l.querySelectorAll('blockquote[data-secret=\"'+t.secret+'\"]'),c=new RegExp(\"^https?:$\",\"i\"),i=0;i<o.length;i++)o[i].style.display=\"none\";for(i=0;i<a.length;i++)s=a[i],e.source===s.contentWindow&&(s.removeAttribute(\"style\"),\"height\"===t.message?(1e3<(r=parseInt(t.value,10))?r=1e3:~~r<200&&(r=200),s.height=r):\"link\"===t.message&&(r=new URL(s.getAttribute(\"src\")),n=new URL(t.value),c.test(n.protocol))&&n.host===r.host&&l.activeElement===s&&(d.top.location.href=t.value))}},d.addEventListener(\"message\",d.wp.receiveEmbedMessage,!1),l.addEventListener(\"DOMContentLoaded\",function(){for(var e,t,s=l.querySelectorAll(\"iframe.wp-embedded-content\"),r=0;r<s.length;r++)(t=(e=s[r]).getAttribute(\"data-secret\"))||(t=Math.random().toString(36).substring(2,12),e.src+=\"#?secret=\"+t,e.setAttribute(\"data-secret\",t)),e.contentWindow.postMessage({message:\"ready\",secret:t},\"*\")},!1)))}(window,document);\n<\/script>\n","thumbnail_url":"https:\/\/aftt.be\/wp-content\/uploads\/2024\/12\/4-1.png","thumbnail_width":260,"thumbnail_height":100,"description":"Informations Dates : 17 au 20 septembre Lieu : Hall du Paire, Pepinster Joueurs s\u00e9lectionn\u00e9s Florian CAMBIER, Matt CLOSSET, Tom CLOSSET, David COMELIAU, Maxime DEGIVE, Jamie ELING, Edouard GERSON, Per GEVERS, Tim GILTIA, Soan MAHY, Auguste OLDENHOVE DE GUERTECHIN, Th\u00e9o PIRET, Gauthier RENKIN, Bilegdorj SVREN, Ga\u00ebtan SWARTENBROUCKX, Lucas WARRAND, Noa WARRAND Kathe DE MEYER, Elo\u00efse ... Lire la suite"}

Informations Dates : 17 au 20 septembre Lieu : Hall du Paire, Pepinster Joueurs sélectionnés Florian CAMBIER, Matt CLOSSET, Tom CLOSSET, David COMELIAU, Maxime DEGIVE, Jamie ELING, Edouard GERSON, Per GEVERS, Tim GILTIA, Soan MAHY, Auguste OLDENHOVE DE GUERTECHIN, Théo PIRET, Gauthier RENKIN, Bilegdorj SVREN, Gaëtan SWARTENBROUCKX, Lucas WARRAND, Noa WARRAND Kathe DE MEYER, Eloïse ... Lire la suite
